
-3
What is the value of (4 - -1) + -4 + -5 + 3?
-1
-3 + (3 - 4) - 1
-5
Calculate 6 + -4 + 4 - (-3 - -6).
3
Evaluate (-2 - 1) + (-23 - -45 - 29).
-10
Calculate -2 - ((12 - 26) + 14).
-2
Calculate 10 + (-9 - 3 - -1).
-1
Calculate 6 - -1 - (15 - 13).
5
What is 0 - 11 - (-1 - (4 + 0))?
-6
Calculate 3 + (-4 - -4 - 3).
0
-2 - (-10 + 13 + -5 + -1)
1
What is -6 + (12 - -2) + -4?
4
Evaluate -2 - (7 + 5 + -10).
-4
What is the value of -8 - ((9 - 2) + -15)?
0
What is the value of (-2 - (3 + -7)) + -2 - -4?
4
What is -6 + 12 - (3 + 1)?
2
What is the value of -8 - (-6 - -10 - 10) - -5?
3
What is the value of (-9 - (8 - 12)) + 1 - 0?
-4
What is 8 + (-3 - -1) + -1?
5
Calculate 3 - (3 + 6 - (0 + 4)).
-2
What is the value of -2 - (-1 + -2 + -3 + 0)?
4
Evaluate 5 + (3 - (4 - -2)).
2
Evaluate -5 + 9 - (-1 + 3 + 1).
1
(-1 - 3 - 3) + 6
-1
Evaluate 15 + -3 + -3 + -6.
3
Calculate -11 + (-4 + -6 + 16 - 0).
-5
(0 - -8 - 6) + -5
-3
Evaluate (-2 - -2) + 4 - (5 + -6).
5
What is -5 + (8 - 12 - -8) - 7?
-8
What is the value of (-1 - (0 + 5)) + 3?
-3
8 - (2 + 15) - (0 + 0)
-9
-3 + -1 + (-4 - -13)
5
What is -3 - (-6 + 1 + -2)?
4
1 - (3 + -9 + 4)
3
Calculate -11 + 6 + 14 - 6.
3
Evaluate 0 + -8 + 5 + 1.
-2
Evaluate (-6 - -10) + -1 + 1 - 4.
0
Evaluate 4 - (-5 + (5 - 0)).
4
Evaluate 1 + -7 + 2 - -6.
2
What is 0 + -4 + 3 + 1 + 2?
2
Calculate -6 + (8 - 5) + 0.
-3
Evaluate (0 - 5) + 2 + -2.
-5
What is (-11 - (9 + -16)) + (0 - -2)?
-2
Evaluate 4 + (2 - (2 - (4 + -3))).
5
Evaluate (-5 - (-2 + 0)) + 3 + -7.
-7
Evaluate 2 + (0 - 3) + 1.
0
Evaluate -16 - (-11 + 12 + -10 + 1).
-8
What is the value of -5 - (-1 - 2 - 0)?
-2
Calculate 3 - (0 - (-3 + 1)).
1
-3 + -1 - -1 - (16 + -21)
2
Evaluate 1 - (-8 - (-23 - -12)).
-2
6 - (-1 + 5 - (-4 + 9))
7
Evaluate (7 - (-2 - -4)) + (0 - 0).
5
Calculate 5 + -7 + (8 - 5) + 3.
4
What is -2 + 1 - (5 + -6 + -3)?
3
Calculate (-1 - 2 - 1) + 3 - -4.
3
What is -1 - (2 + (5 - (6 - 3)))?
-5
Calculate 8 + (-1 - 9 - (49 + -46)).
-5
What is the value of -7 - (3 - 13) - (4 + 1)?
-2
What is the value of 4 + -7 + 0 + -2?
-5
Evaluate -2 + 0 + (0 - 3) + 2.
-3
Calculate -4 - (4 + 0 + -3) - -1.
-4
What is -5 - (2 + (3 - 8))?
-2
What is 3 - 0 - (4 + -4 + 2)?
1
What is (1 - 3 - -10) + 13 + -19?
2
Evaluate (2 - 0) + -7 - (-5 - -3).
-3
What is the value of (-8 - -1) + -4 + 4?
-7
Calculate -88 + 84 + (1 - (-2 - -1)).
-2
What is -1 + (-22 - -25 - (2 - -2))?
-2
Evaluate (-2 - ((-6 - -9) + -10)) + -2.
3
(6 - (-1 - -2)) + 1 + -3
3
Calculate -18 + 3 + 0 + 9.
-6
What is -6 - ((-1 - 15) + 12)?
-2
What is 0 - -1 - (63 - 60)?
-2
Evaluate 6 - (-3 + (5 - 5)).
9
What is the value of (11 - 0) + (0 - 5)?
6
Evaluate -10 - (-2 - (-4 + 9) - -1).
-4
What is the value of -82 + 79 + 0 + 3 + -1?
-1
What is the value of 4 + -3 + -2 + (-11 - -15)?
3
(7 - (3 + 0)) + -2 + -3
-1
Evaluate -1 - 4 - (-2 - (4 - 6)).
-5
Calculate (-4 - ((2 - 0) + -1)) + 1.
-4
7 + -5 + -1 + 1 + -2
0
What is -1 - 3 - 2 - -8?
2
What is the value of 5 + (-2 + 5 + 1 - 4)?
5
Evaluate 1 + (-3 - 0) + 5.
3
(4 - 4 - (-1 - 2)) + -3
0
Calculate 1 + -7 + 15 + -3.
6
Evaluate -1 + -6 + 5 + 6 - 0.
4
What is the value of -11 + 0 + -2 - -23?
10
0 - 2 - (8 + -7)
-3
-1 - (0 + (-4 - -4) - -2)
-3
What is the value of -39 + 29 + (7 - 1)?
-4
What is 0 + (8 - -1) + -5?
4
What is the value of 7 + -1 + (-22 - -21)?
5
Calculate -2 + -1 - 1 - 0.
-4
What is (8 + -5 - 5) + 2?
0
What is 24 + -33 + (-1 - -8)?
-2
(-1 - -10 - 2) + -2 + -1
4
10 - 13 - (-8 + 9)
-4
Evaluate (7 - -1) + -172 + 161.
-3
Evaluate 13 + (0 - (12 - 10)).
11
Calculate (0 - (-13 - -5)) + -13 + -4.
-9
What is -2 + 5 + -7 - -4 - -1?
1
Calculate 2 + -2 - (3 - 0).
-3
Evaluate 28 - 25 - (2 - -3).
-2
What is the value of -3 + (9 + -15 - 0)?
-9
What is -3 + 4 - 5 - 0?
-4
(14 - 7) + -12 - -2
-3
Calculate -3 + 3 - (2 + -6).
4
Evaluate -22 - -36 - (-2 - -6).
10
Calculate 7 + (-6 - -10) + -3.
8
Calculate 8 - (-3 + 6) - -5 - 8.
2
Evaluate 7 - (1 - (-3 - -3) - -1).
5
What is the value of -1 + 1 - (-7 - -6)?
1
What is the value of -5 - ((1 - (1 + 1)) + -9)?
5
What is -2 - (8 + 2 - 18)?
6
(20 - 24) + 1 + 3
0
Evaluate (-1 - -1) + -1 - (2 + 0).
-3
What is the value of 2 + (1 - (0 + 6)) - -3?
0
What is the value of (-7 - (-12 + 5)) + (6 - 1)?
5
Calculate -4 - 0 - 0 - (9 + -3).
-10
Evaluate -1 + -3 - ((2 - 1) + -11).
6
Calculate 4 + (14 - 13) + 0 + -3.
2
Calculate -4 + (9 - (5 + -3)).
3
Evaluate -7 + (-7 - -2) + 12.
0
3 + -4 + (0 - 3)
-4
What is the value of 4 - (4 + 0 + 2)?
-2
Calculate (-2 - -12) + -3 + -5.
2
What is the value of 9 + -1 - (-1 - -3)?
6
What is the value of (0 - 0) + (-11 - -11 - -5)?
5
Evaluate 2 - (-1 + (-5 - -3)).
5
Evaluate 1 + -3 + (3 - 5).
-4
What is the value of 2 + (6 - 7) + 5 + 4?
10
What is the value of -14 - (10 + -9 + -10)?
-5
18 - 18 - (2 + -6 + -1)
5
What is the value of -3 + 3 + 3 + 1?
4
What is the value of (3 - ((-14 - -4) + 6)) + 0?
7
-115 + 119 - (0 + -3)
7
Evaluate (1 - (-3 - (-21 + 8))) + 8.
-1
Calculate 7 - (2 - (-3 - -3 - 0)).
5
Calculate -4 - ((0 - 6) + 9).
-7
Evaluate -12 + 10 + 0 - 1.
-3
What is (-9 - 0) + 11 - 8?
-6
Calculate 5 + -7 - -3 - 5.
-4
Evaluate (-8 - -12) + -3 + 5.
6
What is -5 + 3 + -8 + 7 + -5?
-8
Calculate (0 - (1 + 2)) + 2 + 8.
7
-2 + 4 - (8 - 4)
-2
(1 + 0 - (5 + 1)) + 2
-3
-4 - (-3 - 0 - (0 + -2))
-3
(-1 - -1 - (-56 + 51)) + 1
6
What is the value of 5 - ((18 - 11) + -3 + -7)?
8
Evaluate (-14 - (7 + -11)) + (4 - -1).
-5
Calculate (3 - -1) + (-1 - 3).
0
(0 + -4 - 4) + 14
6
Calculate -4 - (-4 + 10 + -8).
-2
Calculate 3 + -4 + 3 + (1 - 3).
0
Evaluate -5 - (-5 - (-5 + 3)).
-2
6 - (-3 - -4) - 6
-1
What is -8 - 1 - (2 + -1 + 0)?
-10
What is the value of -14 - -17 - (0 - -3)?
0
Evaluate 5 + (4 - (0 - -6)).
3
Calculate 12 + 1 + 15 + -22.
6
Calculate 38 + -42 + (0 - -1).
-3
(-1 - -8 - -1) + -6
2
Evaluate 1 + 0 - (-5 - (-1 - 5)).
0
What is 4 + (-10 - -3) + 0?
-3
Calculate (-1 - 0) + 1 + 2 + -1.
1
What is the value of 0 + 6 - (-4 - -5)?
5
-1 + 3 + -44 + 39
-3
-7 + (-6 - -4 - -5) + 5
1
Evaluate 1 + 0 + -11 + 5.
-5
What is the value of (1 - -4) + 0 - 6?
-1
Evaluate -2 - (1 + -4 - (-9 - -8)).
0
Calculate -1 + (4 + -3 - 5) - -2.
-3
Evaluate -3 - (6 - 7 - (-4 - -1)).
-5
Calculate 12 - 3 - (6 - -2).
1
Evaluate -5 + 6 - (0 + -4).
5
What is the value of (-9 - 0) + 22 + -15?
-2
Evaluate 2 + 0 - (1 - 3) - 4.
0
Evaluate 0 - (3 + (-7 - -4)).
0
What is 9 - (11 - (-9 - -12))?
1
-4 + (6 - (7 - -3) - -9)
1
(-9 - -4) + 3 + -2 + 7
3
What is (-2 - -3 - -4) + -5?
0
Calculate 6 - (23 - 25 - (-3 + 0)).
5
Evaluate 2 - 1 - ((-5 - -3) + 8).
-5
Evaluate -21 + -2 - (-17 + 4).
-10
3 + 1 + 8 + -7 + 1
6
Calculate 65 + -58 + (0 - 4).
3
What is -1 + 8 + (-9 - -5)?
3
Evaluate 44 + -49 + (2 + -2 - 0).
-5
What is (5 - (-1 - 3)) + -7?
2
2 - (-10 + (27 - 13))
-2
Calculate 3 + (2 - (-1 - 0)) + -5.
1
Evaluate (5 - -3) + -3 - 3.
2
-1 - (7 + (6 - 9))
-5
12 - (6 - (-1 + 3))
8
What is the value of -4 + 12 - (24 + -23)?
7
2 + (-10 + 8 - -5)
5
-10 + 1 + (-3 - -7)
-5
Calculate 4 - (12 - 2) - -3.
-3
(4 - (2 - 3 - 0)) + -1
4
Calculate -12 + (11 - 7) + -1 + 5.
-4
14 - 0 - (-3 + -12 + 22)
7
Evaluate (1 - (-4 - -1)) + -7.
-3
What is the value of -3 - -9 - -1 - (28 + -29)?
8
Calculate -5 + (-4 - 1) + 5.
-5
Evaluate (-5 - 0 - -4) + 0 + -3.
-4
Evaluate -2 - (-7 - ((-3 - -4) + -3)).
3
2 - ((-1 + -1 - -2) + -2)
4
What is the value of -26 + (-2 - -15) - -2?
-11
Evaluate -4 - -13 - (-1 - -5).
5
Calculate -8 + 5 - (1 - 0) - 1.
-5
What is the value of -10 + (-17 - -11 - -24)?
8
2 + (7 + 1 - (0 - 0))
10
-6 + 2 - 2 - (-20 - -12)
2
What is the value of (5 - (12 + -8) - -4) + -9?
-4
What is 0 + (8 - 7 - 6)?
-5
Evaluate -3 + (-1 - (11 - 10)).
-5
Evaluate 0 + 0 - (4 + -4).
0
What is the value of -45 + 41 - (-8 + 2)?
2
Calculate 4 - (-5 - ((-3 - 3) + 2)).
5
(-6 - -1) + (41 - 37)
-1
Evaluate 6 + 1 - (16 + -16).
7
Calculate -3 + (4 + -1 - 5).
-5
Evaluate (-3 - -13) + (-1 - 6).
3
What is -27 + 26 - (-5 - 1)?
5
What is the value of 3 - -3 - (2 - 0)?
4
(2 - (-5 - -8)) + -2
-3
Calculate 3 - -5 - (-4 - -9 - 0).
3
What is the value of 0 + -3 + (-190 - -193)?
0
Calculate 6 + 2 + -18 + 5.
-5
-4 + (1 - (2 + 1)) + 4
-2
What is the value of 10 - (-1 - (-2 + -2))?
7
Evaluate (9 - 5 - (0 - -5)) + -4.
-5
-9 + (3 - (1 + 0 - 2))
-5
Calculate 0 - (-1 + -2 - (13 - 14)).
2
Calculate (2 - (1 - 1)) + (6 - 12).
-4
2 + -4 - (-2 + 2)
-2
3 - 0 - 